- 29. Calculate the greatest common divisor of 66 and j.
22
Suppose -3*n - u = -2*u - 8, 0 = -5*n + u + 10. What is the greatest common factor of 1 and n?
1
Suppose -145 = -2*a - 3*a. Calculate the highest common divisor of 319 and a.
29
Let v(f) = f**3 + 11*f**2 + 9*f + 2. Let t be v(-10). Calculate the highest common divisor of 108 and t.
12
Let n(a) = 3*a + 13. Let t be n(9). Calculate the greatest common factor of t and 5.
5
Suppose 4*b - 6*b = -230. Let u be 3/((-10)/(-9) - 1). Let j = u + -4. Calculate the greatest common factor of b and j.
23
Let r = 155 - 58. Suppose -2*m - 13 = -r. Calculate the greatest common factor of 6 and m.
6
Let p be 5/20 - 54/(-8). Let k = p + -2. What is the greatest common divisor of k and 2?
1
Suppose -2*a + 43 - 13 = 0. Suppose -a - 5 = -2*v. Suppose -552 = -5*k - 2*j, -445 = -4*k - 2*j - 3*j. What is the greatest common factor of v and k?
10
Suppose 5*b - 75 = -3*f, -83 = -3*f + b - 8. What is the greatest common factor of 15 and f?
5
Suppose -v - 20 = -5*v. Let l be (2/(-4))/(v/(-10)). Suppose 3*y - 6 = -0. Calculate the highest common divisor of l and y.
1
Let m(b) = 12*b. Let j be m(6). Calculate the highest common factor of 8 and j.
8
Suppose r + 2 = -r - 2*h, -2*r + h = -4. Let m = 223 + -113. Let q be r/4 + m/8. What is the highest common factor of q and 14?
14
Let d(v) = 18*v**3 + 5*v**2 - 5*v + 1. Let f be d(2). Let g = 218 - f. What is the highest common factor of 9 and g?
9
Suppose g = -f + 42, 5*f + 150 = 4*g - 0*g. What is the greatest common factor of g and 140?
20
Suppose 5*t - 295 = 405. Suppose 670 = 3*h - t. Suppose 3*s + 60 = h. Calculate the greatest common factor of s and 28.
14
Let c be (7/2 + -3)*(-182)/(-7). Calculate the greatest common factor of c and 65.
13
Suppose 4*p - 5*v = -984, 5*p + 960 = p - v. Let k = -88 - p. What is the greatest common factor of k and 17?
17
Let u(z) be the first derivative of z**4/4 + 7*z**3/3 + 5*z**2/2 - 4*z + 10. Let o = -18 + 12. Let f be u(o). Calculate the greatest common factor of f and 18.
2
Let n be (-3)/(3 + -4) + 32. Calculate the greatest common factor of n and 315.
35
Let f = 0 - -3. Let p be 1 + f + -1*2. Calculate the greatest common factor of 5 and p.
1
Suppose -4*c = 5*j - 3, -5*c + 4 = 2*j + 13. Suppose -j*h = -17 - 4. Suppose h - 27 = -2*g. What is the highest common divisor of g and 70?
10
Let n be 186/2*2 - (-4)/(-2). Calculate the greatest common factor of n and 23.
23
Suppose 328 - 13 = 5*o. Calculate the greatest common divisor of o and 42.
21
Let n be 2/7 + 52/14. Suppose 8 - 35 = 3*r - f, -r - 4 = -2*f. Let i be (4/r)/(4/(-40)). What is the highest common factor of i and n?
4
Let y(u) = u**2 + 6*u + 12. Let w be y(-7). What is the greatest common divisor of 57 and w?
19
Let c(a) = 2 - a + 9 - 2. Let p be c(0). Suppose -170 = -9*q + 73. Calculate the highest common divisor of q and p.
9
Let f(l) = 4*l + 10. Let n be f(9). What is the greatest common divisor of n and 138?
46
Let b(a) = a + 4. Let p be b(0). Let f(x) = 4*x - 28. Let m be f(16). Calculate the greatest common factor of p and m.
4
Suppose 5*q = -0*q + 20. What is the greatest common factor of 2 and q?
2
Let g = 7 + -10. Let m be 4/6*g/(-1). What is the greatest common divisor of m and 18?
2
Suppose -10 = -3*q + q. Let o be ((-3)/(-9))/(2/36). Suppose 0 = 3*y + k - o*k - 68, -q*k = -4*y + 84. What is the highest common factor of y and 24?
8
Suppose -3*k + 4*k = 4*u + 6, -u = 4*k - 7. Let l be k + (6/2 - -22). Calculate the highest common factor of 3 and l.
3
Let s be (16 - (3 - 0)) + -2. Calculate the greatest common factor of 11 and s.
11
Let q = 130 - 50. What is the highest common factor of q and 16?
16
Let z be 8/5*15/2. Let n = 11 - 15. Let p be (0 - n) + (81 - 1). Calculate the highest common divisor of z and p.
12
Suppose 5*f - 76 = 59. Calculate the highest common factor of f and 18.
9
Let b be -1 - 51/6*-2. Let h = -2 + b. What is the greatest common factor of h and 126?
14
Let q(f) = -f**2 + 8*f + 12. Let s be q(9). Suppose n = v - 1, 3*v - n = s*n. Calculate the highest common divisor of 4 and v.
4
Suppose -4*w = -2*w - 90. Let h be (-60)/(-2)*(-3 - (-3 + -1)). What is the highest common factor of w and h?
15
Let w = 55 + -27. Let z = 64 - w. Suppose j - z = -0*j. Calculate the greatest common divisor of 18 and j.
18
Let m = 34 - -5. Let u be 6/(-9)*m/(-2). Calculate the greatest common divisor of 26 and u.
13
Suppose 2*h = 4*h - 22. Calculate the highest common factor of h and 99.
11
Let c = -73 + 88. Calculate the highest common factor of c and 20.
5
Suppose 0 = o + 5, 0*o + 3*o = -3*g - 21. Let q(w) = -2*w**3 + w**2 + w + 1. Let i be q(g). What is the highest common divisor of i and 38?
19
Suppose 2*i + 0*i = 2*u - 74, 2*i = -2*u + 70. Let f(l) = 12*l**3 - l**2 + l. Let c be f(1). What is the highest common divisor of c and u?
12
Let o(i) = i**3 - 6*i**2 + 6*i - 3. Let s be o(5). Let q(a) = 3*a**3 + 3*a - 3. Let r be q(s). Calculate the greatest common factor of 18 and r.
9
Let g be (-2)/(-6) - 260/15. Let t = -10 - g. Calculate the greatest common divisor of t and 49.
7
Suppose 0 = -4*o + 20 + 44. Let h(c) = -1 - 2 + 5*c**2 - 4*c - 4*c**2. Let v be h(5). What is the highest common divisor of v and o?
2
Let i = -114 - -164. Suppose 0 = s - n - 12, 10 + i = 5*s - 2*n. Suppose 0 = 4*m - s, -5*p + 2*p + m = -30. What is the greatest common divisor of p and 121?
11
Let a be (5/2)/(-5)*-4. Suppose 27 = a*o + 3. Suppose -3*s + o = -6. Calculate the greatest common divisor of 18 and s.
6
Let z be 31 + 2 + -3 + -1. Let a = z - 11. Suppose 0 = 2*x - 94 - 14. What is the highest common divisor of a and x?
18
Let t(d) = 3*d**2 - d. Let r be t(-1). Suppose 3*u - 4*u + 2 = 0. What is the highest common factor of u and r?
2
Suppose -2*q + 4 = 0, -3*a - 1 = 3*q + q. Let w be (-15)/(a/(-24)*-3). Suppose 0*m - 60 = -m. What is the greatest common factor of w and m?
20
Let w(d) = -2*d**3 - 10*d**2 - 4*d - 5. Let g be w(-5). What is the highest common factor of g and 20?
5
Let d = 6 + -7. Let z be (2/((-6)/3))/d. Calculate the greatest common factor of 2 and z.
1
Suppose 38 = 5*g + 3. What is the greatest common factor of 1 and g?
1
Let t be 155/(-35) + 3/7. Let p(c) = c**3 - 4*c**2 - 6*c + 2. Let d be p(5). Let u be (-69)/t - d/(-12). Calculate the greatest common factor of u and 187.
17
Let g = -431 - -618. Calculate the highest common divisor of 17 and g.
17
Let d = -235 + 382. Suppose 3*a - 44 - 19 = 0. Calculate the highest common divisor of d and a.
21
Suppose -2 = -3*f + 163. Calculate the greatest common factor of f and 165.
55
Suppose 0 = -3*p - 4*w + 15 + 11, -p = 2*w - 6. Let y be p/4 + (-1)/(-2). What is the highest common divisor of 44 and y?
4
Let d = -18 - -32. Suppose 0 = -2*l - 0*l + 2. Let u be 96 + (-2 + l)*-2. Calculate the greatest common divisor of u and d.
14
Suppose 4*r - 20 = 0, 5*r + 1525 = -4*i - i. Suppose -3*q = s - 5*s - 591, -5*q = 15. Let o = s - i. Calculate the greatest common factor of o and 16.
16
Suppose 9 = s - 0. Suppose -2*f + 135 = f. Calculate the highest common divisor of f and s.
9
Suppose 243 = 3*v - 3*q, q = -2*v + 178 - 7. What is the highest common factor of v and 12?
12
Suppose 0*g = -4*g - 36. Let t(x) = -x**3 - 10*x**2 - 10*x - 8. Let u be t(g). What is the greatest common divisor of 1 and u?
1
Suppose 5*x - 37 + 7 = 0. What is the highest common divisor of x and 15?
3
Let x(i) = i**3 + 3*i**2 - 13*i - 5. Let p be -8*4/8 - 1. Let g be x(p). Calculate the highest common divisor of 50 and g.
10
Let t = -11 + 10. Let u(p) = 47*p**2 + 1. Let j be u(t). What is the highest common factor of 6 and j?
6
Let d(c) = -15*c - 4. Let f be d(-4). Suppose 0 = 4*b + 5*o - 61, -54 = -4*b - 4*o + 6*o. What is the highest common divisor of b and f?
14
Let d = 6 - 1. Let y = -11 - -7. Let j be y/12 - (-121)/3. Calculate the highest common divisor of j and d.
5
Suppose 0 = -3*v, 4*b + 4*v + 21 = 109. What is the highest common divisor of b and 22?
22
Let c = 15 + -11. Suppose -4*u + 4*z = -344, -c*u + 3*z = -245 - 98. What is the highest common factor of u and 34?
17
Let l(y) = -37*y - 2. Let n be (1 + 0)/3*12. Suppose -3*g = -n*g - 2. Let w be l(g). What is the highest common divisor of w and 8?
8
Let a = -60 - -100. What is the greates